{"id":88,"date":"2023-07-01T21:22:45","date_gmt":"2023-07-01T19:22:45","guid":{"rendered":"http:\/\/stephaniedoe.fr\/?page_id=88"},"modified":"2024-11-25T14:42:48","modified_gmt":"2024-11-25T13:42:48","slug":"qui-suis-je","status":"publish","type":"page","link":"https:\/\/stephaniedoe.fr\/index.php\/qui-suis-je\/","title":{"rendered":"A propos"},"content":{"rendered":"<div class=\"td-main-content-wrap td-main-page-wrap td-container-wrap\">\n<div class=\"tdc-content-wrap\">\n<div id=\"td_uid_1_64a2ef9097394\" class=\"tdc-row\">\n<div class=\"vc_row td_uid_1_64a2ef909739e_rand wpb_row td-pb-row\">\n<div class=\"vc_column td_uid_2_64a2ef9097571_rand wpb_column vc_column_container tdc-column td-pb-span12\">\n<div class=\"wpb_wrapper\">\n<div class=\"td_block_wrap td_block_text_with_title td_uid_3_64a2ef90977c9_rand td-pb-border-top td_block_template_1\" data-td-block-uid=\"td_uid_3_64a2ef90977c9\">\n<div class=\"td_mod_wrap td-fix-index\">\n<h6><strong>St\u00e9phanie Doe, th\u00e9rapeute int\u00e9grative sp\u00e9cialis\u00e9e en sexo-analyse.<br \/>\nJ\u2019accompagne \u00e9galement sur la th\u00e9matique de l\u2019hypersensibilit\u00e9 et je propose des espaces d&#8217;exploration de soi, de l&#8217;attachement vari\u00e9s et cr\u00e9atifs.<\/strong><\/h6>\n<p>Je suis passionn\u00e9e par les liens entre le corps et l\u2019esprit, les dynamiques relationnelles, les notions de mouvement, d\u2019espace et de rythme. J\u2019ai articul\u00e9 mon approche th\u00e9rapeutique et ma pratique professionnelle autour de ces axes.<\/p>\n<div class=\"td_block_wrap td_block_text_with_title td_uid_3_64a2ef90977c9_rand td-pb-border-top td_block_template_1\" data-td-block-uid=\"td_uid_3_64a2ef90977c9\">\n<p><img loading=\"lazy\" decoding=\"async\" class=\"wp-image-2246 alignleft\" src=\"https:\/\/mouvementinterieur.fr\/wp-content\/uploads\/2022\/09\/1-15-200x300.jpg\" sizes=\"auto, (max-width: 350px) 100vw, 350px\" srcset=\"https:\/\/mouvementinterieur.fr\/wp-content\/uploads\/2022\/09\/1-15-200x300.jpg 200w, https:\/\/mouvementinterieur.fr\/wp-content\/uploads\/2022\/09\/1-15-683x1024.jpg 683w, https:\/\/mouvementinterieur.fr\/wp-content\/uploads\/2022\/09\/1-15-768x1152.jpg 768w, https:\/\/mouvementinterieur.fr\/wp-content\/uploads\/2022\/09\/1-15-1024x1536.jpg 1024w, https:\/\/mouvementinterieur.fr\/wp-content\/uploads\/2022\/09\/1-15-1365x2048.jpg 1365w, https:\/\/mouvementinterieur.fr\/wp-content\/uploads\/2022\/09\/1-15-696x1044.jpg 696w, https:\/\/mouvementinterieur.fr\/wp-content\/uploads\/2022\/09\/1-15-1068x1602.jpg 1068w, https:\/\/mouvementinterieur.fr\/wp-content\/uploads\/2022\/09\/1-15-280x420.jpg 280w, https:\/\/mouvementinterieur.fr\/wp-content\/uploads\/2022\/09\/1-15-1920x2880.jpg 1920w, https:\/\/mouvementinterieur.fr\/wp-content\/uploads\/2022\/09\/1-15-scaled.jpg 1707w\" alt=\"\" width=\"350\" height=\"525\" \/><strong>Je m\u2019int\u00e9resse aux nuances, \u00e0 la complexit\u00e9 qui composent chaque personne.<\/strong><\/p>\n<p>Ce qui m&#8217;anime c&#8217;est d&#8217;offrir des espaces d&#8217;exploration de soi et de remise en question des normes. De la <a href=\"https:\/\/stephaniedoe.fr\/index.php\/therapie\/\">th\u00e9rapie<\/a> \u00e0 l\u2019enseignement, avec cr\u00e9ativit\u00e9 et permissivit\u00e9, j\u2019accompagne les personnes qui me sollicitent \u00e0 s\u2019explorer et \u00eatre davantage en conscience d\u2019elles-m\u00eames. Avec bienveillance elles peuvent questionner leurs mondes int\u00e9rieurs et oser faire des choix conscients et plus \u00e9cologiques pour elles.<\/p>\n<\/div>\n<\/div>\n<\/div>\n<h6><em>\u00ab Pour moi, l\u2019\u00eatre humain est multidimensionnel, son \u00e9panouissement passe par un alignement corps-c\u0153ur-esprit et la connaissance de ses zones d\u2019ombre \u00bb<\/em><\/h6>\n<div class=\"td_block_wrap td_block_text_with_title td_uid_3_64a2ef90977c9_rand td-pb-border-top td_block_template_1\" data-td-block-uid=\"td_uid_3_64a2ef90977c9\">\n<h6><strong>Mon approche th\u00e9rapeutique<\/strong><\/h6>\n<p>J&#8217;ai une vision holistique et syst\u00e9mique, c&#8217;est \u00e0 dire que je prends en compte la globalit\u00e9 d&#8217;une personne et je la replace dans son environnement.<br \/>\nUne approche int\u00e9grative qui permet \u00e0 cette personne d&#8217;explorer quatre axes qui la composent: existentiel, sexuel, spirituel et \u00e9motionnel.<br \/>\nLors d&#8217;une sexo-analyse, je propose \u00e9galement une vision socio-politique de l&#8217;intimit\u00e9. Des allers-retours entre la difficult\u00e9 rencontr\u00e9e et sa dimension soci\u00e9tale participent \u00e0 d\u00e9nouer certaines difficult\u00e9s.<\/p>\n<p>Mon approche est non dogmatique, non h\u00e9t\u00e9ronormative, inclusive quant aux questions de genre, d&#8217;orientation sexuelle, de sch\u00e9mas relationnels et d&#8217;expressions de la sexualit\u00e9.<\/p>\n<\/div>\n<p>C&#8217;est pourquoi je peux qualifier mon approche de la sexo-analyse comme f\u00e9ministe, humaniste, en mouvement et non pathologisante.<\/p>\n<h6><strong>Les autres espaces d&#8217;exploration de soi<\/strong><\/h6>\n<p>Je re\u00e7ois r\u00e9guli\u00e8rement des personnes qui se questionnent, seules ou \u00e0 deux, sur leur sexualit\u00e9 et au del\u00e0 de cela, sur l\u2019<strong><em>Etre en lien<\/em>.<\/strong><br \/>\nJ&#8217;enseigne le <a style=\"text-decoration-line: underline;\" href=\"https:\/\/calamitysteph.com\/\">shibari <\/a>depuis 2016. C&#8217;est une pratique qui traditionnellement consiste \u00e0 <a href=\"https:\/\/stephaniedoe.fr\/index.php\/ressentir\/\">attacher une personne<\/a> dans un contexte \u00e9rotique.<\/p>\n<p>Je propose d&#8217;autres espaces de pratique du shibari, notamment un qui comporte une <a href=\"https:\/\/stephaniedoe.fr\/index.php\/atelier-individuel\/\">dimension th\u00e9rapeutique<\/a>. L&#8217;accent est mis sur les b\u00e9n\u00e9fices apport\u00e9s par la contenance des cordes, la possibilit\u00e9 d&#8217;un toucher r\u00e9parateur et celle d&#8217;une expression de soi libre et sans enjeux.<br \/>\nEgalement des <a href=\"https:\/\/stephaniedoe.fr\/index.php\/se-former\/\">ateliers pour les couples<\/a> qui veulent enrichir leur intimit\u00e9 de conscience et de cr\u00e9ativit\u00e9.<\/p>\n<\/div>\n<h6><strong>Mes projets\u00a0<\/strong><\/h6>\n<p>Autrice sur le sujet de shibari, j&#8217;aime cr\u00e9er des <a href=\"https:\/\/stephaniedoe.fr\/index.php\/ressources\/\">ressources<\/a> et rendre les choses accessibles.<br \/>\nJ&#8217;interviens dans le cadre de formations de sexoth\u00e9rapeutes afin de leur partager mes connaissances et r\u00e9flexions sur les sexualit\u00e9s alternatives, leurs risques et bienfaits.<br \/>\nJe prends grand plaisir \u00e0 <a href=\"https:\/\/stephaniedoe.fr\/index.php\/expertise\/\">animer<\/a> tout type de projets en lien avec l&#8217;\u00e9ducation \u00e0 une sexualit\u00e9 positive et une nouvelle civilit\u00e9 sexuelle.<br \/>\nJ&#8217;anime \u00e9galement des stages de d\u00e9veloppement personnel sur la th\u00e9matique de l&#8217;<em>Etre en Lien.<\/em><\/p>\n<div class=\"wpb_wrapper\">\n<div class=\"td_block_wrap td_block_text_with_title td_uid_3_64a2ef90977c9_rand td-pb-border-top td_block_template_1\" data-td-block-uid=\"td_uid_3_64a2ef90977c9\">\n<div class=\"td_mod_wrap td-fix-index\">\n<p>&nbsp;<\/p>\n<blockquote>\n<h6><em>\u00ab\u00a0Je vous re\u00e7ois avec votre histoire,\u00a0<strong>l\u00e0 o\u00f9 vous en \u00eates<\/strong>.<br \/>\nA\u00a0<strong>votre rythme<\/strong>, je vous accompagne en ayant\u00a0<strong>confiance dans votre capacit\u00e9 de transformation<\/strong>. Mon <strong>approche est engag\u00e9e, \u00e9galitaire et collaborative<\/strong> avec vous.\u00a0<\/em><\/h6>\n<h6><em>Quelque soit le motif de votre<a href=\"https:\/\/mouvementinterieur.fr\/rencontrons-nous\/\">\u00a0rendez-vous<\/a>, mes valeurs restent les m\u00eames.<br \/>\n<\/em><em><strong>Respect, authenticit\u00e9 et bienveillance<\/strong> \u00bb<\/em><\/h6>\n<\/blockquote>\n<h6><\/h6>\n<h6><strong>Parcours de formation de St\u00e9phanie Doe<\/strong><\/h6>\n<ul>\n<li>Formation inceste et agressions sexuelles &#8211; Charlotte Sabba (2024)<\/li>\n<li>Formation alliance th\u00e9rapeutique bas\u00e9e sur l&#8217;attachement &#8211; Oya Formation (2024)<\/li>\n<li>Formation psychotrauma &#8211; Institut Double H\u00e9lice (2024)<\/li>\n<li>Moocs Rights, Sex &amp; Education \/ Pr\u00e9venir les violences sexuelles en milieu festif (2021)<\/li>\n<li>Accompagnement de l\u2019hypersensibilit\u00e9 m\u00e9thode 3D- Sophie Schoegel (2021)<\/li>\n<li>Sexo-analyse &#8211; Indigo Formation (2019-2020)<\/li>\n<li>Psychopathologie \u2013 Indigo Formation &amp; l&#8217;Arche (depuis 2019)<\/li>\n<li>Bases en PNL &amp; Maitre Praticien en Hypnose Ericksonienne &#8211; EFPNL (2018)<\/li>\n<li>EFT \u2013 Eric Bessonne (2018)<\/li>\n<li>Travail social \u2013 form\u00e9e au Conservatoire National des Arts et M\u00e9tiers (2008)<\/li>\n<li>Massage \u2013 Reiki \u2013 Tantra \u2013 Naturopathie (2001)<\/li>\n<\/ul>\n<p><em>Au del\u00e0 des dipl\u00f4mes, indispensables, mon chemin est nourri d\u2019exp\u00e9riences de terrain (en tant qu\u2019organisatrice, formatrice, apprenante), d\u2019analyse de celles-ci, de travaux d\u2019\u00e9criture et de conf\u00e9rences, de lectures, de formations au sein d\u2019organismes reconnus par la profession, d\u2019un travail psychocorporel sur moi-m\u00eame et d\u2019une supervision sur mon exercice professionnel continus. Mon parcours ne cesse de s\u2019enrichir et d\u2019\u00eatre en mouvement. Etre th\u00e9rapeute est une vocation et surtout un travail sur soi quotidien<\/em>.<\/p>\n<p>Je suis supervis\u00e9e et moi-m\u00eame en th\u00e9rapie depuis le d\u00e9but de ma pratique et m&#8217;engage \u00e0 le rester tout le long de mon exercice.\u00a0 Je continue \u00e0 me former et m&#8217;informer de mani\u00e8re \u00e0 proposer une approche en mouvement, \u00e9volutive et vari\u00e9e.<\/p>\n<p>M\u00e9diation CNPM\u00a0<em><a href=\"mailto:contact-admin@cnpm-mediation-consommation.eu\">contact-admin@cnpm-mediation-consommation.eu<\/a><\/em><\/p>\n<\/div>\n<\/div>\n<\/div>\n<\/div>\n<\/div>\n<\/div>\n<div id=\"td_uid_3_64a2ef90984a7\" class=\"tdc-row\">\n<div class=\"vc_row td_uid_4_64a2ef90984ac_rand wpb_row td-pb-row\">\n<div class=\"vc_column td_uid_5_64a2ef90985c9_rand wpb_column vc_column_container tdc-column td-pb-span12\">\n<div class=\"wpb_wrapper\">\n<div class=\"wpb_wrapper td_block_wrap vc_raw_html td_uid_6_64a2ef909866f_rand \">\n<div class=\"td-fix-index\"><\/div>\n<\/div>\n<\/div>\n<\/div>\n<\/div>\n<\/div>\n<div id=\"td_uid_6_64a2ef909869e\" class=\"tdc-row\">\n<div class=\"vc_row td_uid_7_64a2ef90986a1_rand wpb_row td-pb-row\">\n<div class=\"vc_column td_uid_8_64a2ef90987b2_rand wpb_column vc_column_container tdc-column td-pb-span12\">\n<div class=\"wpb_wrapper\">\n<div class=\"td_block_wrap td_block_12 td_uid_9_64a2ef9098971_rand td-pb-border-top td_block_template_1 tdc-no-posts tdb-no-posts td-column-3\" data-td-block-uid=\"td_uid_9_64a2ef9098971\">\n<div class=\"td-block-title-wrap\"><\/div>\n<div id=\"td_uid_9_64a2ef9098971\" class=\"td_block_inner\"><\/div>\n<\/div>\n<\/div>\n<\/div>\n<\/div>\n<\/div>\n<\/div>\n<\/div>\n<div class=\"td-footer-wrapper td-container-wrap \">\n<div class=\"td-container\">\n<div class=\"td-pb-row\"><\/div>\n<\/div>\n<\/div>\n","protected":false},"excerpt":{"rendered":"<p>St\u00e9phanie Doe, th\u00e9rapeute int\u00e9grative sp\u00e9cialis\u00e9e en sexo-analyse. J\u2019accompagne \u00e9galement sur la th\u00e9matique de l\u2019hypersensibilit\u00e9 et je propose des espaces d&#8217;exploration de soi, de l&#8217;attachement vari\u00e9s et cr\u00e9atifs. Je suis passionn\u00e9e [&hellip;]<\/p>\n","protected":false},"author":1,"featured_media":0,"parent":0,"menu_order":0,"comment_status":"closed","ping_status":"closed","template":"","meta":{"_EventAllDay":false,"_EventTimezone":"","_EventStartDate":"","_EventEndDate":"","_EventStartDateUTC":"","_EventEndDateUTC":"","_EventShowMap":false,"_EventShowMapLink":false,"_EventURL":"","_EventCost":"","_EventCostDescription":"","_EventCurrencySymbol":"","_EventCurrencyCode":"","_EventCurrencyPosition":"","_EventDateTimeSeparator":"","_EventTimeRangeSeparator":"","_EventOrganizerID":[],"_EventVenueID":[],"_OrganizerEmail":"","_OrganizerPhone":"","_OrganizerWebsite":"","_VenueAddress":"","_VenueCity":"","_VenueCountry":"","_VenueProvince":"","_VenueState":"","_VenueZip":"","_VenuePhone":"","_VenueURL":"","_VenueStateProvince":"","_VenueLat":"","_VenueLng":"","_VenueShowMap":false,"_VenueShowMapLink":false,"footnotes":""},"class_list":["post-88","page","type-page","status-publish"],"yoast_head":"<!-- This site is optimized with the Yoast SEO plugin v27.5 - https:\/\/yoast.com\/product\/yoast-seo-wordpress\/ -->\n<title>A propos - St\u00e9phanie Doe<\/title>\n<meta name=\"robots\" content=\"index, follow, max-snippet:-1, max-image-preview:large, max-video-preview:-1\" \/>\n<link rel=\"canonical\" href=\"https:\/\/stephaniedoe.fr\/index.php\/qui-suis-je\/\" \/>\n<meta property=\"og:locale\" content=\"fr_FR\" \/>\n<meta property=\"og:type\" content=\"article\" \/>\n<meta property=\"og:title\" content=\"A propos - St\u00e9phanie Doe\" \/>\n<meta property=\"og:description\" content=\"St\u00e9phanie Doe, th\u00e9rapeute int\u00e9grative sp\u00e9cialis\u00e9e en sexo-analyse. J\u2019accompagne \u00e9galement sur la th\u00e9matique de l\u2019hypersensibilit\u00e9 et je propose des espaces d&#8217;exploration de soi, de l&#8217;attachement vari\u00e9s et cr\u00e9atifs. Je suis passionn\u00e9e [&hellip;]\" \/>\n<meta property=\"og:url\" content=\"https:\/\/stephaniedoe.fr\/index.php\/qui-suis-je\/\" \/>\n<meta property=\"og:site_name\" content=\"St\u00e9phanie Doe\" \/>\n<meta property=\"article:modified_time\" content=\"2024-11-25T13:42:48+00:00\" \/>\n<meta property=\"og:image\" content=\"https:\/\/mouvementinterieur.fr\/wp-content\/uploads\/2022\/09\/1-15-200x300.jpg\" \/>\n<meta name=\"twitter:card\" content=\"summary_large_image\" \/>\n<meta name=\"twitter:label1\" content=\"Dur\u00e9e de lecture estim\u00e9e\" \/>\n\t<meta name=\"twitter:data1\" content=\"4 minutes\" \/>\n<script type=\"application\/ld+json\" class=\"yoast-schema-graph\">{\"@context\":\"https:\\\/\\\/schema.org\",\"@graph\":[{\"@type\":\"WebPage\",\"@id\":\"https:\\\/\\\/stephaniedoe.fr\\\/index.php\\\/qui-suis-je\\\/\",\"url\":\"https:\\\/\\\/stephaniedoe.fr\\\/index.php\\\/qui-suis-je\\\/\",\"name\":\"A propos - St\u00e9phanie Doe\",\"isPartOf\":{\"@id\":\"https:\\\/\\\/stephaniedoe.fr\\\/#website\"},\"primaryImageOfPage\":{\"@id\":\"https:\\\/\\\/stephaniedoe.fr\\\/index.php\\\/qui-suis-je\\\/#primaryimage\"},\"image\":{\"@id\":\"https:\\\/\\\/stephaniedoe.fr\\\/index.php\\\/qui-suis-je\\\/#primaryimage\"},\"thumbnailUrl\":\"https:\\\/\\\/mouvementinterieur.fr\\\/wp-content\\\/uploads\\\/2022\\\/09\\\/1-15-200x300.jpg\",\"datePublished\":\"2023-07-01T19:22:45+00:00\",\"dateModified\":\"2024-11-25T13:42:48+00:00\",\"breadcrumb\":{\"@id\":\"https:\\\/\\\/stephaniedoe.fr\\\/index.php\\\/qui-suis-je\\\/#breadcrumb\"},\"inLanguage\":\"fr-FR\",\"potentialAction\":[{\"@type\":\"ReadAction\",\"target\":[\"https:\\\/\\\/stephaniedoe.fr\\\/index.php\\\/qui-suis-je\\\/\"]}]},{\"@type\":\"ImageObject\",\"inLanguage\":\"fr-FR\",\"@id\":\"https:\\\/\\\/stephaniedoe.fr\\\/index.php\\\/qui-suis-je\\\/#primaryimage\",\"url\":\"https:\\\/\\\/mouvementinterieur.fr\\\/wp-content\\\/uploads\\\/2022\\\/09\\\/1-15-200x300.jpg\",\"contentUrl\":\"https:\\\/\\\/mouvementinterieur.fr\\\/wp-content\\\/uploads\\\/2022\\\/09\\\/1-15-200x300.jpg\"},{\"@type\":\"BreadcrumbList\",\"@id\":\"https:\\\/\\\/stephaniedoe.fr\\\/index.php\\\/qui-suis-je\\\/#breadcrumb\",\"itemListElement\":[{\"@type\":\"ListItem\",\"position\":1,\"name\":\"Accueil\",\"item\":\"https:\\\/\\\/stephaniedoe.fr\\\/\"},{\"@type\":\"ListItem\",\"position\":2,\"name\":\"A propos\"}]},{\"@type\":\"WebSite\",\"@id\":\"https:\\\/\\\/stephaniedoe.fr\\\/#website\",\"url\":\"https:\\\/\\\/stephaniedoe.fr\\\/\",\"name\":\"St\u00e9phanie Doe\",\"description\":\"\",\"potentialAction\":[{\"@type\":\"SearchAction\",\"target\":{\"@type\":\"EntryPoint\",\"urlTemplate\":\"https:\\\/\\\/stephaniedoe.fr\\\/?s={search_term_string}\"},\"query-input\":{\"@type\":\"PropertyValueSpecification\",\"valueRequired\":true,\"valueName\":\"search_term_string\"}}],\"inLanguage\":\"fr-FR\"}]}<\/script>\n<!-- \/ Yoast SEO plugin. -->","yoast_head_json":{"title":"A propos - St\u00e9phanie Doe","robots":{"index":"index","follow":"follow","max-snippet":"max-snippet:-1","max-image-preview":"max-image-preview:large","max-video-preview":"max-video-preview:-1"},"canonical":"https:\/\/stephaniedoe.fr\/index.php\/qui-suis-je\/","og_locale":"fr_FR","og_type":"article","og_title":"A propos - St\u00e9phanie Doe","og_description":"St\u00e9phanie Doe, th\u00e9rapeute int\u00e9grative sp\u00e9cialis\u00e9e en sexo-analyse. J\u2019accompagne \u00e9galement sur la th\u00e9matique de l\u2019hypersensibilit\u00e9 et je propose des espaces d&#8217;exploration de soi, de l&#8217;attachement vari\u00e9s et cr\u00e9atifs. Je suis passionn\u00e9e [&hellip;]","og_url":"https:\/\/stephaniedoe.fr\/index.php\/qui-suis-je\/","og_site_name":"St\u00e9phanie Doe","article_modified_time":"2024-11-25T13:42:48+00:00","og_image":[{"url":"https:\/\/mouvementinterieur.fr\/wp-content\/uploads\/2022\/09\/1-15-200x300.jpg","type":"","width":"","height":""}],"twitter_card":"summary_large_image","twitter_misc":{"Dur\u00e9e de lecture estim\u00e9e":"4 minutes"},"schema":{"@context":"https:\/\/schema.org","@graph":[{"@type":"WebPage","@id":"https:\/\/stephaniedoe.fr\/index.php\/qui-suis-je\/","url":"https:\/\/stephaniedoe.fr\/index.php\/qui-suis-je\/","name":"A propos - St\u00e9phanie Doe","isPartOf":{"@id":"https:\/\/stephaniedoe.fr\/#website"},"primaryImageOfPage":{"@id":"https:\/\/stephaniedoe.fr\/index.php\/qui-suis-je\/#primaryimage"},"image":{"@id":"https:\/\/stephaniedoe.fr\/index.php\/qui-suis-je\/#primaryimage"},"thumbnailUrl":"https:\/\/mouvementinterieur.fr\/wp-content\/uploads\/2022\/09\/1-15-200x300.jpg","datePublished":"2023-07-01T19:22:45+00:00","dateModified":"2024-11-25T13:42:48+00:00","breadcrumb":{"@id":"https:\/\/stephaniedoe.fr\/index.php\/qui-suis-je\/#breadcrumb"},"inLanguage":"fr-FR","potentialAction":[{"@type":"ReadAction","target":["https:\/\/stephaniedoe.fr\/index.php\/qui-suis-je\/"]}]},{"@type":"ImageObject","inLanguage":"fr-FR","@id":"https:\/\/stephaniedoe.fr\/index.php\/qui-suis-je\/#primaryimage","url":"https:\/\/mouvementinterieur.fr\/wp-content\/uploads\/2022\/09\/1-15-200x300.jpg","contentUrl":"https:\/\/mouvementinterieur.fr\/wp-content\/uploads\/2022\/09\/1-15-200x300.jpg"},{"@type":"BreadcrumbList","@id":"https:\/\/stephaniedoe.fr\/index.php\/qui-suis-je\/#breadcrumb","itemListElement":[{"@type":"ListItem","position":1,"name":"Accueil","item":"https:\/\/stephaniedoe.fr\/"},{"@type":"ListItem","position":2,"name":"A propos"}]},{"@type":"WebSite","@id":"https:\/\/stephaniedoe.fr\/#website","url":"https:\/\/stephaniedoe.fr\/","name":"St\u00e9phanie Doe","description":"","potentialAction":[{"@type":"SearchAction","target":{"@type":"EntryPoint","urlTemplate":"https:\/\/stephaniedoe.fr\/?s={search_term_string}"},"query-input":{"@type":"PropertyValueSpecification","valueRequired":true,"valueName":"search_term_string"}}],"inLanguage":"fr-FR"}]}},"_links":{"self":[{"href":"https:\/\/stephaniedoe.fr\/index.php\/wp-json\/wp\/v2\/pages\/88","targetHints":{"allow":["GET"]}}],"collection":[{"href":"https:\/\/stephaniedoe.fr\/index.php\/wp-json\/wp\/v2\/pages"}],"about":[{"href":"https:\/\/stephaniedoe.fr\/index.php\/wp-json\/wp\/v2\/types\/page"}],"author":[{"embeddable":true,"href":"https:\/\/stephaniedoe.fr\/index.php\/wp-json\/wp\/v2\/users\/1"}],"replies":[{"embeddable":true,"href":"https:\/\/stephaniedoe.fr\/index.php\/wp-json\/wp\/v2\/comments?post=88"}],"version-history":[{"count":0,"href":"https:\/\/stephaniedoe.fr\/index.php\/wp-json\/wp\/v2\/pages\/88\/revisions"}],"wp:attachment":[{"href":"https:\/\/stephaniedoe.fr\/index.php\/wp-json\/wp\/v2\/media?parent=88"}],"curies":[{"name":"wp","href":"https:\/\/api.w.org\/{rel}","templated":true}]}}